rime factors of 757020863?
17, 2207, 20177
What are the prime factors of 350148802?
2, 223, 271, 2897
List the prime factors of 46278311.
46278311
What are the prime factors of 52808030?
2, 5, 11, 19, 2297
What are the prime factors of 48656326?
2, 24328163
List the prime factors of 108461474.
2, 11, 1217, 4051
List the prime factors of 10730340.
2, 3, 5, 31, 641
What are the prime factors of 40218735?
3, 5, 2681249
What are the prime factors of 3830555446?
2, 12497, 153259
What are the prime factors of 33039632?
2, 19, 251, 433
What are the prime factors of 613538403?
3, 37, 229, 24137
What are the prime factors of 220692507?
3, 7, 10509167
What are the prime factors of 705047249?
199, 3542951
List the prime factors of 927969419.
13, 71382263
List the prime factors of 683478324.
2, 3, 47, 4987
List the prime factors of 5635211570.
2, 5, 1129, 499133
What are the prime factors of 7673776021?
97, 3851, 20543
What are the prime factors of 71477721?
3, 7, 23, 29
List the prime factors of 185887510.
2, 5, 109, 170539
List the prime factors of 48461232.
2, 3, 1009609
What are the prime factors of 91372142?
2, 45686071
What are the prime factors of 42185713?
107, 394259
List the prime factors of 2058295926.
2, 3, 343049321
What are the prime factors of 1240611663?
3, 223, 773, 2399
List the prime factors of 103715558.
2, 47, 151, 7307
List the prime factors of 949730685.
3, 5, 63315379
List the prime factors of 37236798.
2, 3, 109, 18979
What are the prime factors of 63628105?
5, 41, 211, 1471
What are the prime factors of 865288024?
2, 821, 131743
What are the prime factors of 613146213?
3, 23, 987353
List the prime factors of 700720445.
5, 83, 1019, 1657
List the prime factors of 99137584.
2, 7, 13, 71, 137
List the prime factors of 1512333308.
2, 378083327
What are the prime factors of 866089397?
866089397
What are the prime factors of 60194260?
2, 5, 7, 89, 4831
What are the prime factors of 712367174?
2, 79, 4508653
What are the prime factors of 109457815?
5, 17, 1287739
What are the prime factors of 167749591?
17, 9867623
What are the prime factors of 1110357819?
3, 103, 457, 2621
List the prime factors of 3938804005.
5, 353, 2231617
What are the prime factors of 560885550?
2, 3, 5, 43, 86959
List the prime factors of 6422881.
1129, 5689
List the prime factors of 25271114.
2, 11, 1148687
List the prime factors of 73587606.
2, 3, 12264601
List the prime factors of 252199219.
431, 585149
What are the prime factors of 476525133?
3, 7, 2521297
List the prime factors of 178549331.
178549331
What are the prime factors of 371032224?
2, 3, 53, 72923
What are the prime factors of 25632839?
29, 1051
What are the prime factors of 4084044681?
3, 263, 5176229
What are the prime factors of 25818752?
2, 201709
List the prime factors of 328743513.
3, 7, 5218151
List the prime factors of 28790728.
2, 3598841
List the prime factors of 202405355.
5, 29, 31, 37, 1217
What are the prime factors of 87944251?
87944251
List the prime factors of 100730215.
5, 61, 223, 1481
What are the prime factors of 589909182?
2, 3, 2459, 39983
List the prime factors of 28785946.
2, 7, 2056139
What are the prime factors of 1259942428?
2, 71, 229, 19373
What are the prime factors of 1933327770?
2, 3, 5, 11, 281, 20849
What are the prime factors of 22552287?
3, 7517429
What are the prime factors of 40135843?
11, 41, 88993
List the prime factors of 177474004.
2, 977, 45413
What are the prime factors of 319359479?
319359479
What are the prime factors of 177408516?
2, 3, 59, 83, 3019
List the prime factors of 2951127.
3, 29, 3769
List the prime factors of 36242604.
2, 3, 1006739
List the prime factors of 724569182.
2, 659, 549749
What are the prime factors of 22952721?
3, 11, 223, 3119
What are the prime factors of 482054478?
2, 3, 73, 1100581
What are the prime factors of 593604087?
3, 139, 1423511
What are the prime factors of 61576052?
2, 2879, 5347
List the prime factors of 55826527.
55826527
What are the prime factors of 63957793?
37, 863, 2003
List the prime factors of 52946997.
3, 2633, 6703
What are the prime factors of 3877168152?
2, 3, 11, 13, 102701
What are the prime factors of 325934018?
2, 19, 1051, 8161
What are the prime factors of 186789853?
71, 2630843
List the prime factors of 878419465.
5, 7, 11, 41, 5059
What are the prime factors of 426437986?
2, 13, 23, 713107
List the prime factors of 7627448754.
2, 3, 31, 506269
What are the prime factors of 2479875465?
3, 5, 165325031
List the prime factors of 111534009.
3, 19, 1956737
List the prime factors of 53561918.
2, 43, 622813
List the prime factors of 1794073340.
2, 5, 89703667
List the prime factors of 292005498.
2, 3, 17, 587, 4877
What are the prime factors of 2163139955?
5, 383, 1129577
What are the prime factors of 1098923210?
2, 5, 7, 11, 23, 5641
What are the prime factors of 90284446?
2, 7, 6448889
List the prime factors of 172312903.
7, 24616129
What are the prime factors of 823840261?
37, 22265953
What are the prime factors of 628149098?
2, 101, 3109649
What are the prime factors of 494713066?
2, 31, 7979243
What are the prime factors of 249915853?
11, 22719623
List the prime factors of 538504306.
2, 29, 9284557
List the prime factors of 90796843.
90796843
List the prime factors of 1868414086.
2, 7, 11, 37, 193, 1699
What are the prime factors of 794150075?
5, 31766003
What are the prime factors of 240568427?
11, 29, 754133
What are the prime factors of 765955850?
2, 5, 11, 41, 33967
List the prime factors of 103756356.
2, 3, 11, 87337
List the prime factors of 994491684.
2, 3, 27624769
What are the prime factors of 25135372?
2, 6283843
What are the prime factors of 32605773?
3, 29, 89, 4211
What are the prime factors of 30411335?
5, 6082267
What are the prime factors of 5305545878?
2, 17, 41, 3805987
What are the prime factors of 231340580?
2, 5, 19, 47, 12953
List the prime factors of 866055384.
2, 3, 311, 38677
What are the prime factors of 154054832?
2, 337, 28571
What are the prime factors of 4914801764?
2, 1228700441
What are the prime factors of 55316679?
3, 11, 23, 31, 2351
What are the prime factors of 99892051?
7, 17, 839429
List the prime factors of 354171175.
5, 53, 267299
What are the prime factors of 285965623?
167, 1712369
What are the prime factors of 194964298?
2, 97482149
What are the prime factors of 37389005?
5, 7477801
List the prime factors of 336254855.
5, 29, 137, 16927
List the prime factors of 4285362055.
5, 13, 137, 481231
List the prime factors of 1266654322.
2, 1291, 490571
What are the prime factors of 144482829?
3, 48160943
List the prime factors of 615695792.
2, 659, 58393
What are the prime factors of 608392596?
2, 3, 7, 23, 314903
List the prime factors of 691916967.
3, 7, 83, 113, 1171
What are the prime factors of 56021034?
2, 3, 37, 277, 911
What are the prime factors of 22730673?
3, 7, 179, 6047
List the prime factors of 3667232118.
2, 3, 11, 55564123
List the prime factors of 595345564.
2, 11, 89, 152029
List the prime factors of 137733826.
2, 2953, 23321
What are the prime factors of 282966072?
2, 3, 97, 197, 617
List the prime factors of 714814178.
2, 13, 27492853
What are the prime factors of 140423479?
7, 20060497
List the prime factors of 4787173067.
61, 78478247
What are the prime factors of 3351790057?
7, 11, 17, 19, 41, 173
List the prime factors of 1951677813.
3, 37, 17582683
List the prime factors of 1896381780.
2, 3, 5, 127, 248869
What are the prime factors of 96187044?
2, 3, 19, 43, 9811
List the prime factors of 365827065.
3, 5, 61, 83, 4817
List the prime factors of 48876554.
2, 97, 251941
List the prime factors of 1491404688.
2, 3, 127, 81551
What are the prime factors of 16134866?
2, 11, 61, 1093
List the prime factors of 96392561.
79, 523, 2333
List the prime factors of 222878909.
11, 193, 277, 379
What are the prime factors of 4977259618?
2, 29, 85814821
List the prime factors of 1004976330.
2, 3, 5, 33499211
What are the prime factors of 7345874?
2, 29, 126653
What are the prime factors of 50717157?
3, 1747, 9677
List the prime factors of 1552626650.
2, 5, 29, 1070777
What are the prime factors of 158505402?
2, 3, 11, 109, 2003
List the prime factors of 468568252.
2, 67, 523, 3343
List the prime factors of 1738610835.
3, 5, 13, 8915953
What are t